5*j + 193, -3*j + 6*j - 3 = 0. Let c = n - -392. What is the hundreds digit of c?
1
Let p = -448 - -452. Let j(t) = 191*t + 61. What is the units digit of j(p)?
5
Let b be (7 - (128 - 4))*(-6)/2. Let a = -22 + b. What is the hundreds digit of a?
3
Let k = 157 + -158. What is the units digit of (-985)/k - ((-84)/(-3))/7?
1
What is the units digit of (((-138586)/(-5))/(-19))/(4/(-50))?
5
Let m(p) = p**3 - 13*p**2 - 2*p + 31. Let i be m(13). What is the units digit of i - 1676/(3 + -5)?
3
Suppose -24*z = 2*v - 19*z - 14501, -7243 = -v + 5*z. What is the units digit of v?
8
Let p = -46 - -6. Let m be 2186/6 + 0 - p/60. Suppose -m = -15*w + 10*w. What is the units digit of w?
3
Let o = -40119 - -84727. What is the thousands digit of o?
4
Suppose 27120*r - 27139*r + 129656 = 0. What is the thousands digit of r?
6
Suppose -2*x + 5*x + k = 4, 16 = 4*k. Suppose -3*y = -x + 24. What is the units digit of 14/(-12)*(2 + y)?
7
Suppose -85 + 15 = -7*g. Let m = g + -7. Suppose -4*j + m*o + 83 = -26, 2*o = -6. What is the tens digit of j?
2
Let s = -299 + 301. What is the tens digit of (452*6/12)/(1/s)?
5
Suppose -9*c = -c - 80. Suppose -13*q + 984 = -c*q. What is the tens digit of q?
2
Let d be (2/6)/(-3*8/10008). What is the tens digit of 0 + (6 - 13 - d)?
3
Suppose -12 = 5*x + 3*g, 0 = -4*x - g - 16 + 5. Let r(h) = -20*h**3 - 4*h. What is the tens digit of r(x)?
5
Let q = -578 + 500. Suppose 0*x - 390 = -2*x. Let u = q + x. What is the units digit of u?
7
Let l(d) = -423*d - 3. Suppose 1 = -5*g + 4*g. What is the units digit of l(g)?
0
Suppose 46*v - 57*v = -27456. Suppose 6*l + 2*l = v. What is the units digit of l?
2
Let c = 129 + -125. Suppose -9*n - 580 = -c*w - 5*n, -4*w - 5*n + 580 = 0. What is the hundreds digit of w?
1
Suppose -5*t = -2*d + 14, 0 = 4*d - 3*d - t - 4. Let s be ((-9)/d)/9*32. What is the tens digit of (-2104)/s + 2 + (-6)/4?
3
Let x(h) = 2*h**3 - 44*h**2 + 42*h - 16. Let z be x(21). What is the units digit of -6 - (-8)/(z/(-110))?
9
Let x(p) = 171*p**3 + 10*p**2 + 2*p - 4. Let i(m) = -341*m**3 - 20*m**2 - 6*m + 7. Let c(h) = 4*i(h) + 7*x(h). What is the tens digit of c(-2)?
1
Suppose -4655 - 1077 = -4*j + k, 2*j = 2*k + 2866. Let i = -376 + j. What is the units digit of i?
7
Let g be 20/(-24)*2*-3. Suppose 4*m - 5*o + 499 = 0, 0*o = -5*m - g*o - 590. Let r = -44 - m. What is the units digit of r?
7
Let w(r) = -143*r**3 + 8*r**2 - 35*r - 176. What is the thousands digit of w(-7)?
9
What is the thousands digit of 4667/3*-1*(72 + -75)?
4
Let a be (8/16)/((-1)/(-206)). Suppose 5*o + 333 - a = 0. What is the units digit of -11*1*o/253?
2
Suppose 26*o - 41*o + 17205 = 0. What is the thousands digit of o?
1
Suppose 57*f - 156*f + 963428 = -449599. What is the tens digit of f?
7
Let v = -3372 + 13261. What is the hundreds digit of v?
8
Suppose -3*z + 5*t + 43086 = 0, 2*t - 43 = -31. What is the ten thousands digit of z?
1
Let j(s) = 986*s**2 - 182*s - 2. What is the hundreds digit of j(3)?
3
What is the ten thousands digit of 9*((-2)/(-27) - 3925145/(-945))?
3
Let o(x) = -x**2 - 9*x - 5. Let s be o(-8). Let n(g) = -g. Let w(p) = -60*p**2 - p - 3. Let y(h) = s*n(h) - w(h). What is the units digit of y(1)?
1
Suppose 3*i - 12*z - 19 = -13*z, -2*z + 8 = 0. Suppose o - 3*q - 543 - 278 = 0, -5*o + 4085 = -i*q. What is the hundreds digit of o?
8
Let y = -87 - -244. Suppose -4*n + 707 = -y. What is the hundreds digit of n?
2
Suppose -8*a - 3*a = 55. What is the units digit of 15/(-40) - (a - 371/8)?
1
Let w(b) = -15*b**2 + 1009*b + 52. What is the tens digit of w(63)?
8
Suppose 0 = -4*t - 736 + 4204. Let k = t + -467. What is the tens digit of k?
0
Let z = 44 + -41. Let p(j) = 4*j**3 - 3*j**2 - 3*j**2 + 7 - z*j - j**2 - 2*j**3. What is the tens digit of p(5)?
6
Suppose -5*x - 25 = 5*g + 5, 3*x + 34 = -5*g. Let k be 24/g*1/(-3). What is the tens digit of (15/4)/(k/4)?
1
What is the thousands digit of (-11546)/(-3)*(-12)/(-8)?
5
Let f(w) = -w**3 - 13*w**2 - 2*w - 10. Let y = 39 - 52. Let z be f(y). What is the units digit of z/(-48) - 178/(-3)?
9
Let y = -304 - 70. Let m = y + 434. What is the tens digit of m?
6
Let a = -38507 + 71654. What is the ten thousands digit of a?
3
Suppose -2*q = 3 - 7. Suppose -4*g = -t - 304, 5*g - q*t = -5*t + 397. Let h = 142 + g. What is the tens digit of h?
1
Suppose -19*v - 34174 + 119940 = 0. What is the units digit of v?
4
Suppose 62*l - 66*l + 8848 = 0. Suppose -9*d + l - 304 = 0. What is the units digit of d?
2
Let z = 233 + -285. What is the units digit of 403/z*(-8 - 0)?
2
Let o(u) = -u**3 - 15*u**2 + 4*u + 63. Let x be o(-15). Suppose -139 = -m + a + 4*a, 107 = m + x*a. What is the hundreds digit of m?
1
Let n(c) = 119*c**2 - 410*c - 17. What is the units digit of n(-5)?
8
Suppose -11*j + 524 = -7*j. Suppose 3*s - 5*s - x + j = 0, 0 = 5*s + 2*x - 325. Let i = s + -38. What is the units digit of i?
5
Let j(p) be the first derivative of 30*p**2 + 38*p + 21. What is the tens digit of j(6)?
9
What is the tens digit of 19 + 2704/(-144) - 1/(18/(-144410))?
2
Let g(x) be the third derivative of 7*x**4/2 + x**3 + 8*x**2. Let p be g(6). What is the tens digit of (-16)/28 - p/(-35)?
1
Suppose -4*w = -3*d + 2284 + 529, -5*d + 5*w + 4685 = 0. Suppose -5*l + 0*l + 1305 = 4*i, 0 = 3*i - 5*l - d. What is the hundreds digit of i?
3
Let d(s) be the first derivative of -9*s**4 - s**3 - 3*s**2/2 - s - 23. Let c(u) = -u**3. Let k(x) = 3*c(x) + d(x). What is the tens digit of k(-1)?
3
What is the thousands digit of -10 + 1 + 31 + 8733?
8
Suppose -30*d + 450 = -35*d + 5*i, d + 88 = 2*i. What is the hundreds digit of (-25936)/12*(5 - d/(-16))?
6
Suppose -6*a + 3847 = 1027. Suppose -10*j = 100 - a. What is the units digit of j?
7
Let t(j) = j**3 - 17*j**2 - 14*j - 21. Let v be t(18). Let k = v + -12. Suppose w + 4*u + k = 174, 0 = -2*w - 2*u + 246. What is the tens digit of w?
1
Let n(f) = -52*f - 55. Let c be n(-2). Suppose k - c = 754. What is the hundreds digit of k?
8
Let h(x) = -372*x**3 + x**2 + 8*x + 6. Let t be h(-1). What is the units digit of (t/(-2))/(26/(-52))?
1
Suppose -2*h = -4*k - 35326, 15237 - 85910 = -4*h + 5*k. What is the thousands digit of h?
7
Suppose -4*l - 116302 + 26554 = -4*q, 3*l + 22431 = q. What is the hundreds digit of q?
4
Suppose 8*g - 3 = k + 10*g, 2*g = -4*k - 12. What is the tens digit of 2/6 + (-10359)/81*k?
8
Let l(x) = x**3 + 4*x**2 - 14*x + 14. Suppose -23*p = -7*p - 64. What is the tens digit of l(p)?
8
Let h = 155 - 125. What is the units digit of -205*(1 - 192/h)?
7
Suppose -5*g = 2*y + 37, 5*g + 0*g + 31 = 4*y. Let f = g - -21. Suppose -5*l + 61 = -f. What is the units digit of l?
5
What is the thousands digit of (1568/80 - 22)/(6/(-16370))?
6
Suppose 0 = -679*f + 669*f + 88870 + 49090. What is the tens digit of f?
9
Suppose -26*t + 13601 + 45757 = 0. Let a = t + -1271. What is the thousands digit of a?
1
Suppose 19*r - 113403 - 1490 = 0. What is the tens digit of r?
4
Let z be (6/(-4))/((-1)/(-1 - -3)). Suppose -4*d - f = -1707, 0*f - 1263 = -z*d + 5*f. What is the hundreds digit of d?
4
Suppose -30*j = -34*j - x + 3153, 3*x - 3 = 0. What is the hundreds digit of j?
7
Let s be ((-5)/(20/(-24)))/1 + 0 - 3. Let d = 8 + -5. Suppose -4*m + 53 = c - d, 5*c = s*m + 165. What is the tens digit of c?
3
Suppose 5*p + 1502 = 3*h, -38*h + 43*h + 2*p - 2524 = 0. What is the thousands digit of (-74)/6*h/(-6)?
1
Suppose 230*q - 194*q - 408464 = 51256. What is the units digit of q?
0
Let v(t) = -545*t**3 + 2*t**2 - 2*t - 4. What is the hundreds digit of v(-2)?
3
What is the units digit of 215 + (-4 - (-3 + -8))?
2
Suppose 198 = -9*b + 13*b + 2*l, 0 = -5*b - 3*l + 249. What is the hundreds digit of (-47 + b)/((-1)/(-322))?
3
Let u = -43 - -75. Let l be u + -33 - 2/(-2)*1. Suppose 0 = -l*c - c + 108. What is the hundreds digit of c?
1
Let l(y) = 3*y**2 + 2*y. Suppose -2*s - 10 = 8*s. Let r be l(s). Let x = 56 - r. What is the tens digit of x?
5
Suppose 2*s + 4*w - 8586 = 0, 126*s + 2*w = 129*s - 12935. What is the thousands digit of s?
4
Let d be 144/76 + (-26)/(-247). What is the tens digit of 993/d + 24/48?
9
Suppose 0 = -4*z + 32, -17*z + 13*z = 2*p - 63278. What is the tens digit of p?
2
Let i = 20 - -16. Let t = -34 + i. Suppose -t*j = 2*y - 90, -5*j = -3*y - 6*j + 127. What is the tens digit of y